
Let h(a) = -a - 5 + 2*a - 4*a. Let b be h(-4). Suppose 2*g = g + b. Calculate the remainder when 27 is divided by g.
6
Suppose -3*q = 80 - 32. Let y be (36/8)/((-1)/2). Let t = y - q. Calculate the remainder when 13 is divided by t.
6
Let g(z) = 8*z + 78. What is the remainder when 301 is divided by g(-5)?
35
Let g(l) = l**2 - 5*l - 1. Suppose 2 = 3*s - 10. Let z be g(s). What is the remainder when 10 is divided by 2 + -2 - (z - -1)?
2
Let h = 7 - 5. Suppose -h*q + 4*a + 12 = -20, 0 = 4*q - a - 71. What is the remainder when 70 is divided by q?
16
Let j = 4 - 4. Suppose 8 = -j*t + 2*t. Suppose -t*r = -5*q + 178 - 37, -113 = -5*q - 3*r. Calculate the remainder when q is divided by 9.
7
Let w(n) = -n**3 - 12*n**2 + 10*n - 8. Let s be w(-13). Let j = s - 18. Calculate the remainder when 37 is divided by j.
11
Suppose 5*o = 2*o + 24. What is the remainder when 23 is divided by o?
7
Let a(o) be the first derivative of -5*o**2/2 - 4*o + 4. Calculate the remainder when 18 is divided by a(-3).
7
Let n(t) = -t**2 + 11*t + 6. Let i be n(6). Suppose 2*v - i = -0*v. Let m(o) = 19*o - 4. What is the remainder when m(2) is divided by v?
16
Let q = -41 - -44. Calculate the remainder when 27 is divided by q.
0
Let t = 111 - 78. Suppose 0 = 2*c - 89 + t. Suppose 0 = 5*z - 2*z - 30. Calculate the remainder when c is divided by z.
8
Let f be 2 - (-2 - (-1 + 1)). Suppose f*w = -8, 3*w - 6 = -3*d + 9. Let q = 17 - d. Calculate the remainder when q is divided by 4.
2
Let w(d) = 15*d**2 - 20*d + 20. Let i(f) = -4*f**2 + 5*f - 5. Let a(t) = 22*i(t) + 6*w(t). Calculate the remainder when a(9) is divided by 28.
26
Let l(w) = w**2 - 10*w + 9. Let j be l(9). Suppose j = -s + 5*s - 436. What is the remainder when s is divided by 28?
25
Suppose -3*a = -a - 38. Calculate the remainder when 54 is divided by a.
16
Suppose 6*t - 220 = t. Suppose 1 = -3*s - 14, 3*g = s + t. Let b = g - 7. What is the remainder when 17 is divided by b?
5
Suppose 2*f - 3*f + 10 = 0. Suppose 4*n - 2*w - 36 = 0, -3 = -n + 2*w + 12. What is the remainder when f is divided by n?
3
Suppose -5*y + 2*y = -n - 2, 2*y - 3 = -n. Let l(f) = f**3 - 2*f**2 - 4. Calculate the remainder when l(3) is divided by (n + -6)*3/(-5).
2
Let p(g) = -g**2 - 9*g - 3. Calculate the remainder when 18 is divided by p(-8).
3
Let v(b) = -b + 29. Let x be ((-2)/4)/((-3)/(-6)). What is the remainder when v(-15) is divided by (-10)/(x/(3/2))?
14
Suppose -5*m = -y - 80, m + y - 34 = -12. Let j = 47 + -14. Calculate the remainder when (j/2)/((-3)/(-6)) is divided by m.
16
Let k = -47 - -82. What is the remainder when k is divided by 19?
16
Calculate the remainder when 268/16 + 2/8 is divided by 5.
2
Suppose -4*g - 22 = -2*b, -4*g - 5*b - 10 = 19. Let c = 8 + g. Let p = c + 8. Calculate the remainder when p is divided by 4.
2
Suppose 2 = -2*k, -k = -2*r + 2*k + 203. Calculate the remainder when r is divided by 34.
32
Let n(c) = 86*c**3 - c + 2. Calculate the remainder when n(1) is divided by 18.
15
Suppose 5*l - 4*u = 65, 2*u + 8 = 3*l - 29. Suppose -x = 2*i - 32 + 6, 2*i = 3*x - 70. Calculate the remainder when x is divided by l.
6
Let a(w) be the third derivative of -17*w**4/24 - 4*w**3/3 - 8*w**2. What is the remainder when a(-5) is divided by 26?
25
Suppose 10 = -3*h + 70. Calculate the remainder when 174/12*(2 - -2) is divided by h.
18
Let a be (1 + -1)/(12/6). Suppose a = -5*q - 0*q + 70. What is the remainder when q is divided by 5?
4
Suppose 0 = -2*d + 4*d - 10. Suppose d*y + 32 = y. What is the remainder when 2 is divided by (-3 - y)*(-4)/(-10)?
0
Calculate the remainder when 91 is divided by (16 - -6) + (-4)/(-2).
19
Suppose -5*i + 10*i - 155 = 5*k, 2*i + 3*k - 37 = 0. What is the remainder when i is divided by 14?
12
Let n be 12/54 + 1645/9. Suppose 6*q + n = 9*q. What is the remainder when q is divided by 16?
13
Let k be 2/(2*2/8). Let f be 10/3 + k/6. Suppose -3 + f = c. What is the remainder when c is divided by 1?
0
Suppose 0 = -5*o + 6 + 14. Suppose -3*r + 25 = 5*i - 8, 52 = o*r + 4*i. Calculate the remainder when 31 is divided by r.
15
Suppose 3*z + 25 = -b + 3*b, 5*b - 3*z = 40. What is the remainder when b is divided by (6/2)/(6/8)?
1
Suppose 0 = -5*h + 3*o + 135, 5*o - 80 = -4*h + 28. Calculate the remainder when h is divided by 7.
6
Let h = -1 - -9. Calculate the remainder when 22 is divided by h.
6
Let s(d) = d + 2. Let u be s(2). Suppose -2*q = -u - 6. What is the remainder when ((-26)/q)/(7/(-35)) is divided by 14?
12
Let k(r) = 22*r**3 - r**2 + 1. Calculate the remainder when 64 is divided by k(1).
20
Suppose 13*o - 3*o - 150 = 0. Calculate the remainder when 37 is divided by o.
7
Let a(q) = q**3 - 10*q**2 + 12*q - 11. Suppose -d - 12 = -3*d. What is the remainder when a(9) is divided by d?
4
Let y(c) = -c**2 + 17*c + 22. What is the remainder when y(17) is divided by 5?
2
Let q(v) = -v**3 + 5*v**2 + 2*v + 5. Suppose -5*d + 4*m = -26, 2*d - d + m + 2 = 0. Suppose -d*k + 5 = -k. What is the remainder when q(k) is divided by 8?
7
Calculate the remainder when 10 is divided by (-16)/(-3) + 16/24.
4
Let s be 13/5 - 10/(-25). Let j(v) = 2*v**3 - 3*v**2 + 3*v + 4. Suppose -4 - 10 = -u. What is the remainder when j(s) is divided by u?
12
Let r = 6 - 1. Suppose -2*m - 17 = i, m - r = 4*i + 36. Let u = -2 - i. Calculate the remainder when u is divided by 3.
0
Suppose 6*a - 5*a - 8 = 0. What is the remainder when 11 is divided by a?
3
Suppose 2*a = -i + 13 + 12, 0 = 3*i + 9. Let m = 89 + -35. Calculate the remainder when m is divided by a.
12
Suppose 4*i - 32 = -2*n - 2*n, -5*i - 30 = -2*n. What is the remainder when n is divided by 7?
3
Suppose 10 = -5*y, -2*g - y = -3*y - 12. Let o(t) be the first derivative of -t**3/3 - 3*t**2 + 9*t + 4. Calculate the remainder when g is divided by o(-7).
0
Let y be (2/(-5))/((-5)/1300). Suppose -2*o - 2*x = -37 - 55, 5*x = -2*o + y. What is the remainder when o is divided by 22?
20
Let l(m) = -m**2 - 3*m + 2. Let y be l(-4). What is the remainder when ((-32)/(-3))/(y/(-6)) is divided by 11?
10
What is the remainder when 2/8 - 315/(-20) is divided by (10 - (-2)/(-2)) + 0?
7
Suppose 79*g = 83*g - 440. Suppose 4*n - 80 = -3*d, -5*d + 5*n + 171 = 26. What is the remainder when g is divided by d?
26
Suppose 20*l + 374 = 2774. What is the remainder when l is divided by 41?
38
Let p be -19*3*4/6. Let q = -21 - p. What is the remainder when 32 is divided by q?
15
Suppose t - n = 4*n + 51, n + 120 = 2*t. Suppose 6 = i - 3*i. Calculate the remainder when t is divided by (16 - i) + 3 - 1.
19
Suppose 3*z + 2*z + 38 = 3*c, 0 = -2*c - 4*z + 62. Let y(s) = -3*s - 1. Calculate the remainder when c is divided by y(-4).
10
Suppose 2*t = 4*t - 8. Suppose -4*m - 2*a + a + 54 = 0, m - t*a = 5. What is the remainder when m is divided by 8?
5
Suppose -d - 3*d = -36. Calculate the remainder when 34 is divided by d.
7
Let z(i) = -6*i + 1. Let r = -2 - -9. Calculate the remainder when z(-3) is divided by r.
5
Let q(v) = -4*v + 4. Let x be q(3). Calculate the remainder when x/(-28) + 435/21 is divided by 11.
10
Let j(x) = -2*x + 3 - 6 + x. What is the remainder when 9 is divided by j(-7)?
1
Let q = -30 - -84. Calculate the remainder when q is divided by 15.
9
Let x = -49 + 112. What is the remainder when x is divided by 17?
12
Suppose 0 = 4*z - 0*z - 16. What is the remainder when 7 is divided by z?
3
Suppose 129*j + 36 = 131*j. What is the remainder when (-34)/(-1 - 0/(-2)) is divided by j?
16
Let c = -5 - -2. What is the remainder when 17 is divided by (-20)/c + (-6)/9?
5
Let d(l) = l**2 + 4. Let z(n) = 2*n**3 - 8*n**2 + 11*n - 5. Calculate the remainder when z(4) is divided by d(-4).
19
Suppose 2*d + 0*d - 86 = 0. Let q(i) = i**3 + 7*i**2 + i - 8. What is the remainder when d is divided by q(-6)?
21
Let d(o) = o**3 + 6*o**2 + 4. Calculate the remainder when d(-5) is divided by 15.
14
Suppose -4*k + 328 = -3*k. Suppose k = 3*z - 62. Calculate the remainder when z is divided by 33.
31
What is the remainder when (-348)/(-22) + (-26)/(-143) is divided by 2?
0
Suppose 500 = 2*y + 76. Suppose y = f + 3*f. Calculate the remainder when f is divided by 14.
11
Let d = 9 + 0. Suppose 48 = 7*c - 4*c. What is the remainder when c + -1 + 3/3 is divided by d?
7
Suppose -8*h = -5*h - 51. Let t(l) = -11*l - 6. What 